{"id":235,"date":"2020-02-05T08:38:10","date_gmt":"2020-02-05T08:38:10","guid":{"rendered":"http:\/\/www.albajosa.com\/?page_id=235"},"modified":"2022-09-19T08:22:26","modified_gmt":"2022-09-19T08:22:26","slug":"experiencia","status":"publish","type":"page","link":"https:\/\/www.albajosa.com\/index.php\/experiencia\/","title":{"rendered":"Experi\u00e8ncia"},"content":{"rendered":"<h3>Teatre<\/h3>\n<p>&#8211; <strong>La que nos espera<\/strong>, de Paolo Campagna. Direcci\u00f3 de Gisela Arnao. Microteatro Madrid. Junio 2022<\/p>\n<p>&#8211; <strong>Inquebrantable<\/strong>, de S\u00f2nia Gar\u00e0. Companyia La Resili\u00e8ncia. Sala B. Gr\u00e0cia, Barcelona. Maig 2022<\/p>\n<p><span style=\"font-size: 1em;\">&#8211; Direcci\u00f3 del musical <\/span><strong style=\"font-size: 1em;\">Sexo, amor y otros Whatsapps, <\/strong><span style=\"font-size: 1em;\">de S\u00f2nia Gar\u00e0. Companyia La Resili\u00e8ncia. Llu\u00efsos d&#8217;Horta. Estrena Mar\u00e7 2021.&nbsp;<\/span><\/p>\n<p>&#8211; <strong>El Pacto<\/strong>, de S\u00f2nia Gar\u00e0. Microteatre Barcelona. Desembre 2020, gener 2021, febrer 2022.<\/p>\n<p>&#8211; Directora d&#8217;actors i actrius de <strong>Portbou 1940. Escape Town<\/strong>. Novembre i desembre 2019.<\/p>\n<p><strong>&#8211; La que nos espera,<\/strong> de Paolo Campagna. Direcci\u00f3 de Gisela Arnao. Microteatre Barcelona. Setembre 2019.<\/p>\n<p>&#8211; <strong>El Barco del Amor<\/strong>, de N\u00faria L\u00f3pez. Direcci\u00f3 de Pablo Bravo. La Rubia Teatre. Mar\u00e7 2019<\/p>\n<p>&#8211; <strong>C\u00f3meme el coco, negro<\/strong>, de La Cubana. Direcci\u00f3 Irene Chao. Companyia JCT. Sala Calassan\u00e7 Octubre 2018.<\/p>\n<p>&#8211; <strong>\u00a1Felices 25!<\/strong>, de Maribel Andr\u00e9s. Direcci\u00f3 de Pablo Bravo. La Rubia Teatre. Juny i juliol de 2018.<\/p>\n<p>&#8211; <strong>La casa de Bernarda Alba<\/strong>, de Federico Garc\u00eda Lorca. Personatge de Martirio. Companyia JCT. Sala Calassan\u00e7. Maig 2017.<\/p>\n<p>&#8211; <strong>Una hist\u00f2ria Catalana<\/strong>, de Jordi Casanovas. Direcci\u00f3 de Marc Angelet. Nau Ivanow. Juny 2016.<\/p>\n<p>&#8211; Actriu i directora de coreografies de <strong>El Rei d&#8217;\u00c0frica<\/strong>. Companyia JCT. Sala Calassan\u00e7. Maig 2016.<\/p>\n<p>&#8211; <strong>La Mort de Danton<\/strong>, de Georg Buchner. Direcci\u00f3 de Thomas Sauerteig. Nau Ivanow. Febrer 2016.<\/p>\n<p>&#8211; <strong>Cal\u00edgula<\/strong>, de Albert Camus. Companyia JCT. Sala Calassan\u00e7. Abril 2015.<\/p>\n<p>&#8211; Direcci\u00f3 de <strong>Teatre de Cabaret<\/strong>, de Karl Valentin. Sala Calassan\u00e7. Febrer 2015.<\/p>\n<p>&#8211; <strong>Els 12 sense pietat<\/strong>, de Reginald Rose. Companyia JCT. Sala Calassan\u00e7. Mar\u00e7 2013<\/p>\n<p>&#8211; <strong>La bona persona del Sezuan<\/strong>, de Bertolt Brecht. Companyia JCT. Sala Calassan\u00e7. Maig 2012<\/p>\n<p>&#8211;<strong> Tres Sombreros de copa<\/strong>, de Miguel Mihura. Direcci\u00f3 Fernando Grifell. La Casona Teatre. Maig 2012<\/p>\n<p>&#8211; <strong>Educando a Rita<\/strong>, de Willy Russell. Direcci\u00f3 Fernando Grifell. La Casona Teatre. Mar\u00e7 2012<\/p>\n<p>&#8211; <strong>Paraules encadenades<\/strong>, de Jordi Galceran. Direcci\u00f3 Fernando Grifell. La Casona Teatre. Octubre 2012<\/p>\n<p>&#8211; <strong>Els pastorets<\/strong>, de Folch i Torres. Companyia JCT. Personatges: Rovellona, Llucifer, Enveja, Sant Miquel, Verge Maria, Isabel\u00f3.<\/p>\n<h3>Televisi\u00f3<\/h3>\n<p>&#8211;&nbsp;<strong>This is philosophy<\/strong>. Brutal Media. TVE figuraci\u00f3<\/p>\n","protected":false},"excerpt":{"rendered":"<p>Teatre &#8211; La que nos espera, de Paolo Campagna. Direcci\u00f3 de Gisela Arnao. Microteatro Madrid. Junio 2022 &#8211; Inquebrantable, de S\u00f2nia Gar\u00e0. Companyia La Resili\u00e8ncia. Sala B. Gr\u00e0cia, Barcelona. Maig 2022 &#8211; Direcci\u00f3 del musical Sexo, amor y otros Whatsapps, de S\u00f2nia Gar\u00e0. Companyia La Resili\u00e8ncia. Llu\u00efsos d&#8217;Horta. Estrena Mar\u00e7 2021.&nbsp; &#8211; El Pacto, de [&hellip;]<\/p>\n","protected":false},"author":1,"featured_media":0,"parent":0,"menu_order":0,"comment_status":"closed","ping_status":"closed","template":"","meta":[],"yoast_head":"<!-- This site is optimized with the Yoast SEO plugin v15.8 - https:\/\/yoast.com\/wordpress\/plugins\/seo\/ -->\n<title>Experi\u00e8ncia - Alba Josa Levratto<\/title>\n<meta name=\"robots\" content=\"index, follow, max-snippet:-1, max-image-preview:large, max-video-preview:-1\" \/>\n<link rel=\"canonical\" href=\"http:\/\/www.albajosa.com\/index.php\/experiencia\/\" \/>\n<meta property=\"og:locale\" content=\"en_US\" \/>\n<meta property=\"og:type\" content=\"article\" \/>\n<meta property=\"og:title\" content=\"Experi\u00e8ncia - Alba Josa Levratto\" \/>\n<meta property=\"og:description\" content=\"Teatre &#8211; La que nos espera, de Paolo Campagna. Direcci\u00f3 de Gisela Arnao. Microteatro Madrid. Junio 2022 &#8211; Inquebrantable, de S\u00f2nia Gar\u00e0. Companyia La Resili\u00e8ncia. Sala B. Gr\u00e0cia, Barcelona. Maig 2022 &#8211; Direcci\u00f3 del musical Sexo, amor y otros Whatsapps, de S\u00f2nia Gar\u00e0. Companyia La Resili\u00e8ncia. Llu\u00efsos d&#8217;Horta. Estrena Mar\u00e7 2021.&nbsp; &#8211; El Pacto, de [&hellip;]\" \/>\n<meta property=\"og:url\" content=\"http:\/\/www.albajosa.com\/index.php\/experiencia\/\" \/>\n<meta property=\"og:site_name\" content=\"Alba Josa Levratto\" \/>\n<meta property=\"article:modified_time\" content=\"2022-09-19T08:22:26+00:00\" \/>\n<meta name=\"twitter:card\" content=\"summary_large_image\" \/>\n<meta name=\"twitter:label1\" content=\"Est. reading time\">\n\t<meta name=\"twitter:data1\" content=\"2 minutes\">\n<script type=\"application\/ld+json\" class=\"yoast-schema-graph\">{\"@context\":\"https:\/\/schema.org\",\"@graph\":[{\"@type\":\"WebSite\",\"@id\":\"https:\/\/www.albajosa.com\/#website\",\"url\":\"https:\/\/www.albajosa.com\/\",\"name\":\"Alba Josa Levratto\",\"description\":\"\",\"potentialAction\":[{\"@type\":\"SearchAction\",\"target\":\"https:\/\/www.albajosa.com\/?s={search_term_string}\",\"query-input\":\"required name=search_term_string\"}],\"inLanguage\":\"en-US\"},{\"@type\":\"WebPage\",\"@id\":\"http:\/\/www.albajosa.com\/index.php\/experiencia\/#webpage\",\"url\":\"http:\/\/www.albajosa.com\/index.php\/experiencia\/\",\"name\":\"Experi\\u00e8ncia - Alba Josa Levratto\",\"isPartOf\":{\"@id\":\"https:\/\/www.albajosa.com\/#website\"},\"datePublished\":\"2020-02-05T08:38:10+00:00\",\"dateModified\":\"2022-09-19T08:22:26+00:00\",\"breadcrumb\":{\"@id\":\"http:\/\/www.albajosa.com\/index.php\/experiencia\/#breadcrumb\"},\"inLanguage\":\"en-US\",\"potentialAction\":[{\"@type\":\"ReadAction\",\"target\":[\"http:\/\/www.albajosa.com\/index.php\/experiencia\/\"]}]},{\"@type\":\"BreadcrumbList\",\"@id\":\"http:\/\/www.albajosa.com\/index.php\/experiencia\/#breadcrumb\",\"itemListElement\":[{\"@type\":\"ListItem\",\"position\":1,\"item\":{\"@type\":\"WebPage\",\"@id\":\"http:\/\/www.albajosa.com\/\",\"url\":\"http:\/\/www.albajosa.com\/\",\"name\":\"Portada\"}},{\"@type\":\"ListItem\",\"position\":2,\"item\":{\"@type\":\"WebPage\",\"@id\":\"http:\/\/www.albajosa.com\/index.php\/experiencia\/\",\"url\":\"http:\/\/www.albajosa.com\/index.php\/experiencia\/\",\"name\":\"Experi\\u00e8ncia\"}}]}]}<\/script>\n<!-- \/ Yoast SEO plugin. -->","_links":{"self":[{"href":"https:\/\/www.albajosa.com\/index.php\/wp-json\/wp\/v2\/pages\/235"}],"collection":[{"href":"https:\/\/www.albajosa.com\/index.php\/wp-json\/wp\/v2\/pages"}],"about":[{"href":"https:\/\/www.albajosa.com\/index.php\/wp-json\/wp\/v2\/types\/page"}],"author":[{"embeddable":true,"href":"https:\/\/www.albajosa.com\/index.php\/wp-json\/wp\/v2\/users\/1"}],"replies":[{"embeddable":true,"href":"https:\/\/www.albajosa.com\/index.php\/wp-json\/wp\/v2\/comments?post=235"}],"version-history":[{"count":11,"href":"https:\/\/www.albajosa.com\/index.php\/wp-json\/wp\/v2\/pages\/235\/revisions"}],"predecessor-version":[{"id":479,"href":"https:\/\/www.albajosa.com\/index.php\/wp-json\/wp\/v2\/pages\/235\/revisions\/479"}],"wp:attachment":[{"href":"https:\/\/www.albajosa.com\/index.php\/wp-json\/wp\/v2\/media?parent=235"}],"curies":[{"name":"wp","href":"https:\/\/api.w.org\/{rel}","templated":true}]}}