{"id":182,"date":"2020-02-04T20:38:51","date_gmt":"2020-02-04T20:38:51","guid":{"rendered":"http:\/\/www.albajosa.com\/?page_id=182"},"modified":"2021-02-10T12:47:56","modified_gmt":"2021-02-10T12:47:56","slug":"personatges","status":"publish","type":"page","link":"https:\/\/www.albajosa.com\/index.php\/personatges\/","title":{"rendered":"Personatges"},"content":{"rendered":"<p><strong>El Pacto<\/strong>, de S\u00f2nia Gar\u00e0. &nbsp;Microteatre Barcelona. Desembre 2020 i gener 2021<span><img alt=\"\" data-id=\"410\" width=\"222\" data-init-width=\"1130\" height=\"315\" data-init-height=\"1600\" title=\"IMG-20210111-WA0023\" loading=\"lazy\" src=\"\/\/www.albajosa.com\/wp-content\/uploads\/2021\/02\/IMG-20210111-WA0023.jpg\" data-width=\"222\" data-height=\"315\"><\/span><span><img alt=\"\" data-id=\"413\" width=\"163\" data-init-width=\"1600\" height=\"79\" data-init-height=\"777\" title=\"IMG-20201223-WA0065\" loading=\"lazy\" src=\"\/\/www.albajosa.com\/wp-content\/uploads\/2021\/02\/IMG-20201223-WA0065.jpg\" data-width=\"163\" data-height=\"79\"><\/span><span style=\"\"><img alt=\"\" data-id=\"412\" width=\"227\" data-init-width=\"1600\" height=\"110\" data-init-height=\"777\" title=\"IMG-20210112-WA0066\" loading=\"lazy\" src=\"\/\/www.albajosa.com\/wp-content\/uploads\/2021\/02\/IMG-20210112-WA0066.jpg\" data-width=\"227\" data-height=\"110\" style=\"\" ml-d=\"-2.0630000000000166\"><\/span><span style=\"\"><img alt=\"\" data-id=\"411\" width=\"247\" data-init-width=\"588\" height=\"319\" data-init-height=\"761\" title=\"IMG-20201223-WA0063\" loading=\"lazy\" src=\"\/\/www.albajosa.com\/wp-content\/uploads\/2021\/02\/IMG-20201223-WA0063.jpg\" data-width=\"247\" data-height=\"319\" style=\"\" ml-d=\"-1.5500000000000114\"><\/span><strong>La que nos espera<\/strong>, de Paolo Campagna. Direcci\u00f3 de Gisela Arnao. &nbsp;Microteatre Barcelona. Setembre 2019.<span><img loading=\"lazy\" alt=\"\" data-id=\"166\" width=\"2560\" height=\"1707\" title=\"IMG_9148\" src=\"\/\/www.albajosa.com\/wp-content\/uploads\/2020\/02\/IMG_9148-scaled.jpg\"><\/span><span><img loading=\"lazy\" alt=\"\" data-id=\"165\" width=\"2560\" height=\"1707\" title=\"IMG_9145\" src=\"\/\/www.albajosa.com\/wp-content\/uploads\/2020\/02\/IMG_9145-scaled.jpg\"><\/span><span><img loading=\"lazy\" alt=\"\" data-id=\"163\" width=\"2560\" height=\"1707\" title=\"IMG_9131\" src=\"\/\/www.albajosa.com\/wp-content\/uploads\/2020\/02\/IMG_9131-scaled.jpg\"><\/span><strong>Una hist\u00f2ria catalana<\/strong>, de Jordi Casanovas. Direcci\u00f3 de Marc Angelet.&nbsp;Nau Ivanow. Juny 2016<span><img loading=\"lazy\" alt=\"\" data-id=\"202\" width=\"1024\" height=\"685\" title=\"27124441093_c6431964f5_o\" src=\"\/\/www.albajosa.com\/wp-content\/uploads\/2020\/02\/27124441093_c6431964f5_o.jpg\"><\/span><span><img loading=\"lazy\" alt=\"\" data-id=\"218\" width=\"1024\" height=\"685\" title=\"27633251262_f4d825388d_o\" src=\"\/\/www.albajosa.com\/wp-content\/uploads\/2020\/02\/27633251262_f4d825388d_o.jpg\"><\/span><span><img loading=\"lazy\" alt=\"\" data-id=\"206\" width=\"1024\" height=\"685\" title=\"27634115292_c05c60a125_o\" src=\"\/\/www.albajosa.com\/wp-content\/uploads\/2020\/02\/27634115292_c05c60a125_o.jpg\"><\/span><span><img loading=\"lazy\" alt=\"\" data-id=\"203\" width=\"1024\" height=\"685\" title=\"27457047340_a54a6b7265_o\" src=\"\/\/www.albajosa.com\/wp-content\/uploads\/2020\/02\/27457047340_a54a6b7265_o.jpg\"><\/span><span><img loading=\"lazy\" alt=\"\" data-id=\"204\" width=\"1024\" height=\"685\" title=\"27124315763_dbf5872ca8_o\" src=\"\/\/www.albajosa.com\/wp-content\/uploads\/2020\/02\/27124315763_dbf5872ca8_o.jpg\"><\/span><strong>La mort de Danton<\/strong>, de Georg Buchner. Direcci\u00f3 de Thomas Sauerteig. Nau Ivanow. Febrer 2016<span><img loading=\"lazy\" alt=\"\" data-id=\"215\" width=\"847\" height=\"567\" title=\"24660305950_586b1eac9b_o\" src=\"\/\/www.albajosa.com\/wp-content\/uploads\/2020\/02\/24660305950_586b1eac9b_o.jpg\"><\/span><span><img loading=\"lazy\" alt=\"\" data-id=\"213\" width=\"847\" height=\"567\" title=\"24328951433_c129c3d7c1_o (1)\" src=\"\/\/www.albajosa.com\/wp-content\/uploads\/2020\/02\/24328951433_c129c3d7c1_o-1.jpg\"><\/span><span><img loading=\"lazy\" alt=\"\" data-id=\"210\" width=\"847\" height=\"567\" title=\"24837901162_dde985d281_o\" src=\"\/\/www.albajosa.com\/wp-content\/uploads\/2020\/02\/24837901162_dde985d281_o.jpg\"><\/span><strong>El Rei d&#8217;\u00c0frica,&nbsp;<\/strong>el musical. Companyia JCT. Sala Calassan\u00e7. Maig 2016<span><img loading=\"lazy\" alt=\"\" data-id=\"139\" width=\"1536\" height=\"1024\" title=\"_S9A4494\" src=\"\/\/www.albajosa.com\/wp-content\/uploads\/2020\/02\/S9A4494.jpg\"><\/span><span><img loading=\"lazy\" alt=\"\" data-id=\"199\" width=\"1381\" height=\"920\" title=\"_S9A4500\" src=\"\/\/www.albajosa.com\/wp-content\/uploads\/2020\/02\/S9A4500.jpg\"><\/span><strong>La insuportable lleugeresa de les paraules,&nbsp;<\/strong>taller de creaci\u00f3. Direcci\u00f3 Ester Nadal.&nbsp;Nau Ivanow. Juny 2015<span><img loading=\"lazy\" alt=\"\" data-id=\"149\" width=\"1707\" height=\"2560\" title=\"Alba_20150529_0076\" src=\"\/\/www.albajosa.com\/wp-content\/uploads\/2020\/02\/Alba_20150529_0076-scaled.jpg\"><\/span><span><img loading=\"lazy\" alt=\"\" data-id=\"144\" width=\"1707\" height=\"2560\" title=\"Alba_20150529_0004\" src=\"\/\/www.albajosa.com\/wp-content\/uploads\/2020\/02\/Alba_20150529_0004-scaled.jpg\"><\/span><span><img loading=\"lazy\" alt=\"\" data-id=\"191\" width=\"1707\" height=\"2560\" title=\"Alba_20150529_0093\" src=\"\/\/www.albajosa.com\/wp-content\/uploads\/2020\/02\/Alba_20150529_0093-scaled.jpg\"><\/span><span><img loading=\"lazy\" alt=\"\" data-id=\"192\" width=\"1707\" height=\"2560\" title=\"Alba_20150529_0143\" src=\"\/\/www.albajosa.com\/wp-content\/uploads\/2020\/02\/Alba_20150529_0143-scaled.jpg\"><\/span><span><img loading=\"lazy\" alt=\"\" data-id=\"169\" width=\"2560\" height=\"1707\" title=\"JFreixenet_Lainsuportablelleugeresa_20150529_0063\" src=\"\/\/www.albajosa.com\/wp-content\/uploads\/2020\/02\/JFreixenet_Lainsuportablelleugeresa_20150529_0063-scaled.jpg\"><\/span><span><img loading=\"lazy\" alt=\"\" data-id=\"147\" width=\"2560\" height=\"1707\" title=\"Alba_20150529_0067\" src=\"\/\/www.albajosa.com\/wp-content\/uploads\/2020\/02\/Alba_20150529_0067-scaled.jpg\"><\/span><span><img loading=\"lazy\" alt=\"\" data-id=\"193\" width=\"2560\" height=\"1707\" title=\"Alba_20150529_0062\" src=\"\/\/www.albajosa.com\/wp-content\/uploads\/2020\/02\/Alba_20150529_0062-scaled.jpg\"><\/span><span><img loading=\"lazy\" alt=\"\" data-id=\"167\" width=\"1707\" height=\"2560\" title=\"JFreixenet_Lainsuportablelleugeresa_20150529_0027\" src=\"\/\/www.albajosa.com\/wp-content\/uploads\/2020\/02\/JFreixenet_Lainsuportablelleugeresa_20150529_0027-scaled.jpg\"><\/span><span><img loading=\"lazy\" alt=\"\" data-id=\"146\" width=\"1707\" height=\"2560\" title=\"Alba_20150529_0040\" src=\"\/\/www.albajosa.com\/wp-content\/uploads\/2020\/02\/Alba_20150529_0040-scaled.jpg\"><\/span><span><img loading=\"lazy\" alt=\"\" data-id=\"168\" width=\"1707\" height=\"2560\" title=\"JFreixenet_Lainsuportablelleugeresa_20150529_0028\" src=\"\/\/www.albajosa.com\/wp-content\/uploads\/2020\/02\/JFreixenet_Lainsuportablelleugeresa_20150529_0028-scaled.jpg\"><\/span><strong>La casa de Bernarda Alba<\/strong>. Personaje Martirio. Sala Calassan\u00e7. Abril 2017. Assaig<span><img loading=\"lazy\" alt=\"\" data-id=\"155\" width=\"2560\" height=\"1718\" title=\"DSC_2013\" src=\"\/\/www.albajosa.com\/wp-content\/uploads\/2020\/02\/DSC_2013-scaled.jpg\"><\/span><span><img loading=\"lazy\" alt=\"\" data-id=\"154\" width=\"2560\" height=\"1718\" title=\"DSC_2009\" src=\"\/\/www.albajosa.com\/wp-content\/uploads\/2020\/02\/DSC_2009-scaled.jpg\"><\/span><span><img loading=\"lazy\" alt=\"\" data-id=\"156\" width=\"2560\" height=\"1718\" title=\"DSC_2091\" src=\"\/\/www.albajosa.com\/wp-content\/uploads\/2020\/02\/DSC_2091-scaled.jpg\"><\/span><span><img loading=\"lazy\" alt=\"\" data-id=\"153\" width=\"2560\" height=\"1718\" title=\"DSC_1601\" src=\"\/\/www.albajosa.com\/wp-content\/uploads\/2020\/02\/DSC_1601-scaled.jpg\"><\/span><strong>Lo que el mar devuelve.<\/strong> Direcci\u00f3 de Fernando Grifell. La Casona Teatro. Desembre 2011<span><img loading=\"lazy\" alt=\"\" data-id=\"162\" width=\"600\" height=\"900\" title=\"Fer 310\" src=\"\/\/www.albajosa.com\/wp-content\/uploads\/2020\/02\/Fer-310.jpg\"><\/span><span><img loading=\"lazy\" alt=\"\" data-id=\"160\" width=\"600\" height=\"900\" title=\"Fer 286\" src=\"\/\/www.albajosa.com\/wp-content\/uploads\/2020\/02\/Fer-286.jpg\"><\/span><span><img loading=\"lazy\" alt=\"\" data-id=\"196\" width=\"600\" height=\"900\" title=\"Fer 282\" src=\"\/\/www.albajosa.com\/wp-content\/uploads\/2020\/02\/Fer-282.jpg\"><\/span><strong>Paraules encadenades<\/strong>. Direcci\u00f3 de Fernando Grifell. La Casona teatro. Octubre 2011<span><img loading=\"lazy\" alt=\"\" data-id=\"143\" width=\"600\" height=\"900\" title=\"1\u00aa escena 426\" src=\"\/\/www.albajosa.com\/wp-content\/uploads\/2020\/02\/1\u00aa-escena-426.jpg\"><\/span><span><img loading=\"lazy\" alt=\"\" data-id=\"198\" width=\"600\" height=\"900\" title=\"1\u00aa escena 412\" src=\"\/\/www.albajosa.com\/wp-content\/uploads\/2020\/02\/1\u00aa-escena-412.jpg\" style=\"\"><\/span><span><img loading=\"lazy\" alt=\"\" data-id=\"142\" width=\"600\" height=\"900\" title=\"1\u00aa escena 425\" src=\"\/\/www.albajosa.com\/wp-content\/uploads\/2020\/02\/1\u00aa-escena-425.jpg\"><\/span><\/p>\n","protected":false},"excerpt":{"rendered":"<p>El Pacto, de S\u00f2nia Gar\u00e0. &nbsp;Microteatre Barcelona. Desembre 2020 i gener 2021La que nos espera, de Paolo Campagna. Direcci\u00f3 de Gisela Arnao. &nbsp;Microteatre Barcelona. Setembre 2019.Una hist\u00f2ria catalana, de Jordi Casanovas. Direcci\u00f3 de Marc Angelet.&nbsp;Nau Ivanow. Juny 2016La mort de Danton, de Georg Buchner. Direcci\u00f3 de Thomas Sauerteig. Nau Ivanow. Febrer 2016El Rei d&#8217;\u00c0frica,&nbsp;el musical. [&hellip;]<\/p>\n","protected":false},"author":1,"featured_media":0,"parent":0,"menu_order":0,"comment_status":"closed","ping_status":"closed","template":"page-fullwidth.php","meta":[],"yoast_head":"<!-- This site is optimized with the Yoast SEO plugin v15.8 - https:\/\/yoast.com\/wordpress\/plugins\/seo\/ -->\n<title>Personatges - Alba Josa Levratto<\/title>\n<meta name=\"robots\" content=\"index, follow, max-snippet:-1, max-image-preview:large, max-video-preview:-1\" \/>\n<link rel=\"canonical\" href=\"http:\/\/www.albajosa.com\/index.php\/personatges\/\" \/>\n<meta property=\"og:locale\" content=\"en_US\" \/>\n<meta property=\"og:type\" content=\"article\" \/>\n<meta property=\"og:title\" content=\"Personatges - Alba Josa Levratto\" \/>\n<meta property=\"og:description\" content=\"El Pacto, de S\u00f2nia Gar\u00e0. &nbsp;Microteatre Barcelona. Desembre 2020 i gener 2021La que nos espera, de Paolo Campagna. Direcci\u00f3 de Gisela Arnao. &nbsp;Microteatre Barcelona. Setembre 2019.Una hist\u00f2ria catalana, de Jordi Casanovas. Direcci\u00f3 de Marc Angelet.&nbsp;Nau Ivanow. Juny 2016La mort de Danton, de Georg Buchner. Direcci\u00f3 de Thomas Sauerteig. Nau Ivanow. Febrer 2016El Rei d&#8217;\u00c0frica,&nbsp;el musical. [&hellip;]\" \/>\n<meta property=\"og:url\" content=\"http:\/\/www.albajosa.com\/index.php\/personatges\/\" \/>\n<meta property=\"og:site_name\" content=\"Alba Josa Levratto\" \/>\n<meta property=\"article:modified_time\" content=\"2021-02-10T12:47:56+00:00\" \/>\n<meta property=\"og:image\" content=\"\/\/www.albajosa.com\/wp-content\/uploads\/2021\/02\/IMG-20210111-WA0023.jpg\" \/>\n<meta name=\"twitter:card\" content=\"summary_large_image\" \/>\n<meta name=\"twitter:label1\" content=\"Est. reading time\">\n\t<meta name=\"twitter:data1\" content=\"8 minutes\">\n<script type=\"application\/ld+json\" class=\"yoast-schema-graph\">{\"@context\":\"https:\/\/schema.org\",\"@graph\":[{\"@type\":\"WebSite\",\"@id\":\"https:\/\/www.albajosa.com\/#website\",\"url\":\"https:\/\/www.albajosa.com\/\",\"name\":\"Alba Josa Levratto\",\"description\":\"\",\"potentialAction\":[{\"@type\":\"SearchAction\",\"target\":\"https:\/\/www.albajosa.com\/?s={search_term_string}\",\"query-input\":\"required name=search_term_string\"}],\"inLanguage\":\"en-US\"},{\"@type\":\"ImageObject\",\"@id\":\"http:\/\/www.albajosa.com\/index.php\/personatges\/#primaryimage\",\"inLanguage\":\"en-US\",\"url\":\"\/\/www.albajosa.com\/wp-content\/uploads\/2021\/02\/IMG-20210111-WA0023.jpg\"},{\"@type\":\"WebPage\",\"@id\":\"http:\/\/www.albajosa.com\/index.php\/personatges\/#webpage\",\"url\":\"http:\/\/www.albajosa.com\/index.php\/personatges\/\",\"name\":\"Personatges - Alba Josa Levratto\",\"isPartOf\":{\"@id\":\"https:\/\/www.albajosa.com\/#website\"},\"primaryImageOfPage\":{\"@id\":\"http:\/\/www.albajosa.com\/index.php\/personatges\/#primaryimage\"},\"datePublished\":\"2020-02-04T20:38:51+00:00\",\"dateModified\":\"2021-02-10T12:47:56+00:00\",\"breadcrumb\":{\"@id\":\"http:\/\/www.albajosa.com\/index.php\/personatges\/#breadcrumb\"},\"inLanguage\":\"en-US\",\"potentialAction\":[{\"@type\":\"ReadAction\",\"target\":[\"http:\/\/www.albajosa.com\/index.php\/personatges\/\"]}]},{\"@type\":\"BreadcrumbList\",\"@id\":\"http:\/\/www.albajosa.com\/index.php\/personatges\/#breadcrumb\",\"itemListElement\":[{\"@type\":\"ListItem\",\"position\":1,\"item\":{\"@type\":\"WebPage\",\"@id\":\"http:\/\/www.albajosa.com\/\",\"url\":\"http:\/\/www.albajosa.com\/\",\"name\":\"Portada\"}},{\"@type\":\"ListItem\",\"position\":2,\"item\":{\"@type\":\"WebPage\",\"@id\":\"http:\/\/www.albajosa.com\/index.php\/personatges\/\",\"url\":\"http:\/\/www.albajosa.com\/index.php\/personatges\/\",\"name\":\"Personatges\"}}]}]}<\/script>\n<!-- \/ Yoast SEO plugin. -->","_links":{"self":[{"href":"https:\/\/www.albajosa.com\/index.php\/wp-json\/wp\/v2\/pages\/182"}],"collection":[{"href":"https:\/\/www.albajosa.com\/index.php\/wp-json\/wp\/v2\/pages"}],"about":[{"href":"https:\/\/www.albajosa.com\/index.php\/wp-json\/wp\/v2\/types\/page"}],"author":[{"embeddable":true,"href":"https:\/\/www.albajosa.com\/index.php\/wp-json\/wp\/v2\/users\/1"}],"replies":[{"embeddable":true,"href":"https:\/\/www.albajosa.com\/index.php\/wp-json\/wp\/v2\/comments?post=182"}],"version-history":[{"count":9,"href":"https:\/\/www.albajosa.com\/index.php\/wp-json\/wp\/v2\/pages\/182\/revisions"}],"predecessor-version":[{"id":415,"href":"https:\/\/www.albajosa.com\/index.php\/wp-json\/wp\/v2\/pages\/182\/revisions\/415"}],"wp:attachment":[{"href":"https:\/\/www.albajosa.com\/index.php\/wp-json\/wp\/v2\/media?parent=182"}],"curies":[{"name":"wp","href":"https:\/\/api.w.org\/{rel}","templated":true}]}}